8)?
5
Let r(d) = -d**3 + 2*d**3 - 2*d - 2 - 4 - 4*d**2. What is the units digit of r(5)?
9
Let m be (4/3)/((-1)/(-3)). Let v(w) = 2*w - 3 - 7 + 4. What is the units digit of v(m)?
2
Let m(x) = -2*x. Let o be m(-1). Suppose 6*j - 10 = -2*l + o*j, 30 = 4*l + 3*j. What is the units digit of l?
9
Suppose 5*z - 4*z = 12. What is the units digit of z?
2
Let c = -12 - -4. What is the tens digit of (c/(-6))/((-1)/(-9))?
1
Suppose -3*n + 8*n = 0. Suppose 0*a + 12 = 6*a. Suppose -y - 4*p = -n*p + 4, a*p = -10. What is the tens digit of y?
1
Suppose 40*w - 259 = 33*w. What is the tens digit of w?
3
Let y(b) = -b**3 + 2*b**2 + 4*b + 2. Let c be y(-2). Let j(h) = h + 8. What is the tens digit of j(c)?
1
Let y(p) = p**3 + 3*p**2 + p - 2. Let r be y(-2). Suppose n = l - 1 - r, n - 5 = -l. Suppose n*m + 7*t = 4*t + 13, 0 = -3*t + 3. What is the units digit of m?
5
Let k(n) be the first derivative of n**6/360 - n**5/40 - 5*n**4/24 - n**3/3 - 1. Let h(t) be the third derivative of k(t). What is the units digit of h(6)?
3
Suppose -31 + 9 = -v. What is the units digit of v?
2
Let a(m) = m**2 - 5*m + 4. Suppose 0 = -3*o + p + 15, -10 = -2*o + 2*p - 0. What is the units digit of a(o)?
4
Let c(p) = p**3 - 2*p**2 - p - 2. Let f be c(3). Let w = f - 4. Suppose w + 30 = 5*g. What is the units digit of g?
6
Suppose 0 = 5*c - 10 - 15. Suppose -3*u + 5*u + c*v + 19 = 0, 24 = 3*u - 3*v. Suppose 0 = -w - 0*o + 3*o - u, 4 = 2*w - 4*o. What is the units digit of w?
2
Suppose -5*c + 3*t + 1332 = -t, -2*c + 537 = -3*t. What is the hundreds digit of c?
2
Let y(w) = 5 - w - 2 - 4. Let i = -7 - 0. What is the units digit of y(i)?
6
Suppose 0*b = -b + 16. What is the tens digit of 55/44*b/2?
1
Let p(s) = -s**3 - 5*s**2 + 3*s + 1. Let a be p(-6). Suppose -74 = -5*z - a. What is the tens digit of z?
1
Let y(w) = w - 3. Let r be y(6). Let s(j) = 5*j**3 + j**2 - 2*j + 1. Let k be s(1). Let a = k - r. What is the units digit of a?
2
Let q = -26 - -15. Let y = q + 15. Suppose 2*j = 6 + y. What is the units digit of j?
5
Let r(i) = -53*i**3 + i**2 + i - 1. Let z be r(1). Let v = z - -80. What is the tens digit of v?
2
Let j = -13 + 10. Let o = j - -10. What is the units digit of o?
7
Let r = -35 + 60. What is the units digit of r?
5
Let j = -23 - -37. Let p = -1 + -3. What is the units digit of 2/p + 49/j?
3
What is the hundreds digit of (-2086)/(-10) - 4/(-10)?
2
Let f(v) = -v - 6. Let x be f(-5). Let o = x + 13. What is the units digit of o?
2
What is the units digit of (-246 - 3)*(1/(-3))/1?
3
Let s be 2/(-3) + 6/9. Suppose 2*z + 2*b + 5 = 3*z, 4*z + b - 20 = s. What is the units digit of z?
5
Suppose -3*f + 125 + 5 = 5*v, 0 = -4*f + 3*v + 154. Suppose -55 = -3*y + 3*c + 11, -4*c = -2*y + f. What is the tens digit of y?
2
Let n = 3 - 1. Let d(t) = -3*t + n + 0*t - 4. What is the units digit of d(-2)?
4
Suppose 0*k - k = -4*f + 26, -4*k + 3*f = 78. What is the units digit of k/4*(-6)/9?
3
Suppose 2*p - g + 8 = 4*p, g + 2 = 0. What is the units digit of p?
5
Let f(t) = t**2 + t. What is the units digit of f(-2)?
2
Let u = 501 + -257. What is the units digit of u?
4
Let w = -1 - 2. Let a be 2/(-3)*(4 + 20). Let i = w - a. What is the units digit of i?
3
Let t(w) = w**2 + 2*w + 2. Let d be t(-2). Let q = 5 - d. Suppose -q*s = -20 - 4. What is the units digit of s?
8
Suppose -92 = -u + 24. What is the hundreds digit of u?
1
Let k = 2 + 0. Suppose -4*l = -k*l - 8. What is the units digit of l?
4
Suppose a - 8 = -3*a. Let r(j) = j**3 + 2*j**2 - 6*j - 5. Let y be r(-3). Suppose a*c - 20 = y. What is the units digit of c?
2
Let c(o) = -o**2 - 17*o + 43. What is the units digit of c(-19)?
5
Suppose -275 = 4*b + r, -2*b - 4*r + r = 145. Let l = b - -108. Suppose p = -4*p + l. What is the units digit of p?
8
Let v = -6 + 16. What is the tens digit of v?
1
Let u(b) = b**2 - 3*b + 2. Let y be u(4). Suppose 3*z = 4*k + 16, -z + y*k + 9 = k. Suppose -h + 5*o = z*h - 15, 9 = -h - 5*o. What is the units digit of h?
1
Suppose 0 = -5*x - 0 - 105. Let b = x - -34. Suppose -4*g = -11 - b. What is the units digit of g?
6
Suppose -4*v = -9*v + 55. Suppose 12*h = v*h + 30. What is the tens digit of h?
3
Let c be 6/(-9) - 34/(-6). What is the units digit of (-21)/(3 - c - -1)?
1
Let v(a) = -a**3 - 5*a**2 + 3*a + 6. Let q(h) = -h - 2. Let n be q(4). What is the tens digit of v(n)?
2
Let g(r) = r**2 + 9*r - 10. Let t(k) = -k**3 - 7*k**2 - 5*k - 5. Let a be t(-6). What is the units digit of g(a)?
2
Let a(j) = -j**3 - 4*j**2 + 5. Let p be a(-4). Let g = p + -1. What is the units digit of g?
4
Suppose -5*t = 97 - 17. Let k = 2 - t. What is the tens digit of k?
1
Let p(i) = -2*i**2 + 2*i - 2. Let y be p(2). Let f = 10 - y. What is the units digit of 2/9 + f/9?
2
Suppose -2*k - 126 = -2*p, 7*k = -5*p + 2*k + 345. Suppose -5*l = -t - p, 4 = -3*t + 4*t. What is the tens digit of l?
1
Let x = -4 - -4. Suppose -5*v + 11 = -i, -2*i + 11 = -x*v + v. Suppose b = v*g + 13, 3*b + 3 = -3*g + 42. What is the tens digit of b?
1
Let t = 17 - 12. Suppose -4*r + 32 = 4*l, -l + t*r - 3 + 29 = 0. What is the units digit of l?
1
Let j = 2 - -11. Suppose x - i - j = -2*x, -5*i = 20. Suppose x*g - 29 = -4*m, g + g - 10 = 2*m. What is the units digit of g?
7
Suppose -2*o - 6*q + 422 = -2*q, -4*o - q + 816 = 0. What is the hundreds digit of o?
2
What is the units digit of 32 - (2 + -2 + -1)?
3
Let u(h) = h**2 - 2. What is the hundreds digit of u(-11)?
1
Let p(n) = 3*n**2 - 11*n - 5. Let k be p(10). Suppose 0 = 7*u - 2*u - k. What is the units digit of u?
7
Suppose 2*o - 4 = 5*l - 2*l, 6 = -3*l. Let v be 22/4 + 1/(-2). What is the units digit of (-2 - o)/(v/(-15))?
3
Let c = 5 + -9. Let s(x) = x**2 + 2*x - 5. Let j be s(c). Suppose -4*r - 1 = w, -2*w + 13 = j*r - 4*w. What is the units digit of r?
1
Let u = 31 - 21. Suppose 0 = 5*m - 0*m - 20. Suppose 5*o + u = -5*f, -4*f = -m*o - o - 19. What is the units digit of f?
1
Let j(b) = b**2 + 2*b + 2. Let p be -1 - -1 - (-4 - -1). What is the tens digit of j(p)?
1
Let n be -2*-5*1/2. Let j be (-6 + n)*(-2 - -1). Suppose 0 = 4*x - j - 15. What is the units digit of x?
4
Let g = -8 + 13. Suppose -2*t = -g*h + 15, 3*h + t = 9 - 0. What is the units digit of h?
3
Let k(j) = 75*j**2 + j - 2. What is the units digit of k(1)?
4
Let p = -196 - -449. What is the hundreds digit of p?
2
Suppose 1 = x, -4*x - 2 - 2 = -l. What is the units digit of l?
8
Let s = -33 - -53. What is the units digit of (152/s)/(2/5)?
9
Let f be (-2)/5 + 13/(-5). Let t = 8 + f. What is the units digit of t?
5
Let m = 2 - 0. Suppose -o + u - 15 = 0, -4*o - m*u - 42 = -0*u. What is the tens digit of (o/(-8))/((-6)/(-64))?
1
Let f be ((-1)/(2/(-6)))/(-1). Let m(b) = 2*b**2 + 4*b + 4. What is the tens digit of m(f)?
1
Let g be (-4)/(-6) - 10/6. Let u = g - -1. Let m = u - -5. What is the units digit of m?
5
Suppose d - 25 = 26. What is the tens digit of d?
5
Suppose 3*b + 4*a - 46 = 0, -3*a + 56 - 11 = 3*b. What is the tens digit of b?
1
Let x(y) = y - 5. Let v be x(-5). Let w = -6 - v. What is the units digit of w?
4
Suppose -8*w + 84 = 4*w. Let q(n) = -2*n - 2. Let p be q(2). Let h = w + p. What is the units digit of h?
1
Let x be 2/4 + 21/14. Let r = x + 0. What is the units digit of r?
2
Let u(t) = 14*t**2 - 32*t - 6. Let z(l) = 5*l**2 - 11*l - 2. Let r(h) = 6*u(h) - 17*z(h). Let y be r(-4). What is the units digit of y/((2/3)/2)?
6
Suppose 2*u + 3*a = -a + 4, 0 = 2*u - 4*a - 12. Suppose 58 = u*x + 5*k, -2*k = 5*x + k - 66. What is the units digit of x?
2
Let n(f) = -f**2 - 10*f + 2. Let w(u) = -8*u - 1. Let b be w(1). What is the tens digit of n(b)?
1
Let n(j) = j**3 - 6*j**2 - 4*j - 2. Let u be n(7). Suppose 5*b - 46 = u. What is the tens digit of b?
1
Suppose 32*p = 27*p + 1260. What is the units digit of p?
2
Let w = 0 - -3. Suppose 0 = -s + p - 3, 2*p - 8 = -5*s + 5. Let y = w - s. What is the units digit of y?
2
Let n be 3 + (2 - (3 + -1)). Suppose 3*t - 2*t + 6 = n*j, 0 = -4*t - 2*j + 46. What is the units digit of t?
9
Suppose 4*d - 240 = 4*q, 7*d - 3*d - 224 = -4*q. What is the tens digit of d?
5
Let r(w) = -2*w + 9. What is the tens digit of r(-5)?
1
Suppose -3*i = -297 - 471. What is the tens digit of i?
5
Let u = -7 - -45. What is the tens digit of u?
3
Let g be 768/15 - 2/10. Suppose y - g = -2*y. What is the te